et k(y) = -y**2 - 7*y + 3. List the prime factors of k(j).
3
Let k = 58 + -54. What are the prime factors of k?
2
Let a = 25 - 4. Let i = 29 + a. List the prime factors of i.
2, 5
Let l be (-2)/3 - (-214)/6. Suppose 0 = -5*b, c - b - b + 23 = 0. Let m = c + l. List the prime factors of m.
2, 3
Let s be (-4)/24 - (-22)/(-12). What are the prime factors of (8/12)/(s/(-12))?
2
Let m be 7/6 - 1/6. Let o(b) = -4*b**2 - 1. Let j be o(m). Let w = 9 + j. What are the prime factors of w?
2
Let b(i) = -i**3 - 7*i**2 - 5*i + 7. Let w be b(-6). List the prime factors of 3*w*(-12)/(-18).
2
Suppose 1288 = 5*n + k, -5*n + 4*k = -0*k - 1273. What are the prime factors of n?
257
Let d(h) = -3*h - 21. What are the prime factors of d(-10)?
3
Suppose -5*r + 68 + 172 = 0. Suppose r = a + a. What are the prime factors of a?
2, 3
Let g(u) = -3*u - 3. Let i be g(-2). Suppose -i*h = h - 24. Let m = h - 3. List the prime factors of m.
3
Let c = 267 + -148. List the prime factors of c.
7, 17
Let k = 69 + 6. List the prime factors of k.
3, 5
Let v(d) = d**3 + 10*d**2 - 8*d - 4. Let w be v(-10). Suppose -52 = -3*p - g, 5*p - 2*g = -g + w. What are the prime factors of p?
2
Let b(o) = o - 1. Let g be b(1). Let u(r) = g + r + 4 - 2. What are the prime factors of u(5)?
7
Let p(d) = -3*d**2 - 59*d + 26. Let m(u) = u**2 + 20*u - 9. Let n(l) = 17*m(l) + 6*p(l). What are the prime factors of n(-12)?
3
Suppose 10*o - 448 = 2*o. What are the prime factors of o?
2, 7
Let g(c) = -c**3 - 4*c**2 + c + 1. Let b be g(-4). Let m be 21 - (6 + b)/1. Suppose 30 = 2*a + q, -3*q + m = 5*a - 57. List the prime factors of a.
3, 5
Let d(p) = p**2 + 4*p + 2. Let v = 4 + -8. List the prime factors of d(v).
2
Let j = 70 - 30. What are the prime factors of j?
2, 5
Let a be -4 + -1 + (3 - 1). Let k = a + 3. Suppose -4*s + k*s + 12 = 0. What are the prime factors of s?
3
Suppose 2*n - 2 = 4. Let k = n + 8. List the prime factors of k.
11
Suppose 2*a - 3*j = -j - 2, -4*a - 2*j + 2 = 0. Suppose -3*z = -a*z - 75. List the prime factors of z.
5
List the prime factors of 36*(-1 - (-2 - (-4)/(-12))).
2, 3
Suppose 5*u = -2*j + j + 775, -5*u + 775 = -3*j. What are the prime factors of u?
5, 31
Let k(g) = 3*g - 7. What are the prime factors of k(7)?
2, 7
Let i(g) = g**3 - 11*g**2 + 12*g - 9. Let j = 9 + -15. Let h(a) = -a**2 - 9*a - 8. Let y be h(j). What are the prime factors of i(y)?
11
Let w(g) = -g - 2. Let o be w(-6). Suppose -o*t - t = -10. Suppose -3*j - 2*j - 5*k + 50 = 0, 0 = j + t*k - 13. What are the prime factors of j?
7
What are the prime factors of 48 + (-2 - -2 - 1) + 0?
47
Let g = -7 - -11. Suppose -3*y + 8 + g = 0. List the prime factors of y.
2
Let g be ((-6)/3)/(-1 + 0). Suppose 3*k - 2*k - g = 0. Suppose 6 = 3*x - f - 3*f, -4 = -k*x + 4*f. What are the prime factors of x?
2
Suppose 0*m - 3*m - 3 = -v, 5*m = 4*v - 26. List the prime factors of 94/10 + v/15.
2, 5
List the prime factors of (-297)/(-15) + 16/(-20).
19
What are the prime factors of ((-1)/2)/(6 - 9510/1584)?
2, 3, 11
Suppose 5*j = -2*w + 1485, -3*j - 4*w = -541 - 364. List the prime factors of j.
5, 59
Let d(p) = -p**2 - 9*p - 1. Let a be d(-9). Let r be (1 + a)/((-2)/2). Suppose -4*k = 3*f - 0*k - 35, r = -4*k - 16. List the prime factors of f.
17
What are the prime factors of (60/(-8) - -6)*(-1 - 131)?
2, 3, 11
Let f(l) be the second derivative of -l**4/12 - l**3/6 + 15*l**2/2 - l. Suppose 3*i - 10 = i, -4*i = 2*n - 20. What are the prime factors of f(n)?
3, 5
Let k(x) = x - 2. Let d be k(-2). Let l = 2 - d. What are the prime factors of l?
2, 3
Suppose -4*l = 2*l - 792. What are the prime factors of l?
2, 3, 11
Let q(w) = 9*w**2 + 10*w + 12. What are the prime factors of q(-5)?
11, 17
Suppose -2*p - 3*p = 25, -3*p = -2*w + 55. List the prime factors of w.
2, 5
Suppose -6 = -2*r, 3*h + 51 = -4*r + 12. Let p(o) = -o**3 + 10*o**2 + 23*o + 12. Let g be p(12). Let u = g - h. What are the prime factors of u?
17
Suppose 3*h - 5*j - 78 = 0, 0*h - 5*j = 5*h - 130. Let o = h + -18. Suppose -l + 3 = -2*i - o, 4*l - 33 = -3*i. What are the prime factors of l?
3
Suppose 23*d - 28*d + 55 = 0. What are the prime factors of d?
11
Let t = 13 - 4. Let o = t - 3. What are the prime factors of o/(-4)*14/(-3)?
7
Let i(v) = -v - 8. Let d be i(-10). Suppose d*p = -3*p + 75. What are the prime factors of p?
3, 5
Let j = 19 + -13. List the prime factors of 9/((3 - j)/(-9)).
3
Let r be (-3 + 1)*(-4)/2. Suppose -2*h - 20 = -3*b, -2*h - h - 28 = -r*b. List the prime factors of b/14 + 440/28.
2
Let k(b) = b**3 + 6*b**2 + 4*b + 3. Let l be k(-4). Suppose -s = d - 0*d + l, 3*s = -d - 13. Let v = -16 - d. What are the prime factors of v?
2, 3
Suppose 182*l - 187*l = -1780. List the prime factors of l.
2, 89
Suppose 2*w - 10 - 10 = -3*s, -5*w = -4*s - 73. List the prime factors of w.
13
Let l be (-570)/(-8) + (-3)/(-4). Let k be 40 + (4 - 2) + -3. List the prime factors of 2/(2 - l/k).
13
Suppose 3 = -2*u + 3*p, 0*u = u + 2*p + 19. Let n = u + 17. List the prime factors of n.
2
List the prime factors of (6/(-8))/((-9)/348).
29
Suppose 0 = 3*m - 2*m - 24. List the prime factors of m.
2, 3
Let g be ((-44)/(-33))/(2/(-39)). Let t(r) = 2*r - 4. Let i be t(-4). Let a = i - g. List the prime factors of a.
2, 7
Let i be 2 + (0/3)/3. Suppose -12 = -i*t + t. What are the prime factors of t?
2, 3
Let k be (-4)/(8/6)*-1. Suppose 5*n - 3*m - 11 = 6, -15 = -k*n + 3*m. Let y(j) = 4*j**3 + j**2 - 1. What are the prime factors of y(n)?
2
Let v(d) be the third derivative of -d**4/6 + 5*d**3/6 - 3*d**2. Let p be v(-5). Suppose -p = -5*o - 0. List the prime factors of o.
5
Let z = 9 + -15. Let x be 4/z*(-48)/(-4). What are the prime factors of (-2)/x - 39/(-4)?
2, 5
Let z(t) = -t**3 - 3*t**2 + 1. Let p be z(-2). What are the prime factors of (p/(-2))/(1/18)?
3
Suppose 2*m = s - 128, 4*s = 3*m - 0*m + 492. List the prime factors of (-7 - 0)*s/(-35).
2, 3
Let n be (-2)/((6/3)/(-1)). What are the prime factors of n + (0 - -10) + -2?
3
Suppose -k + 1 = 2*z - 11, -3*z = -15. Suppose -5 = -4*l - y + 9, 5*l + 4*y = 23. What are the prime factors of (-14)/((-3)/l*k)?
7
Let g = -85 + 134. Suppose 5 = -4*y + g. List the prime factors of y.
11
Suppose 4*v = 2*v + 84. Let d(l) = l**3 - 5*l**2 + 3*l + 4. Let o be d(4). Suppose o = -5*q - h + 83, -35 - v = -5*q - 4*h. What are the prime factors of q?
17
Let n(x) = x**3 + 6*x**2 + 2*x - 1. Let r be n(-5). What are the prime factors of 2/r - 76/(-7)?
11
Let v(m) = -3*m**2 + 4*m. Let u be v(3). Let b be 87/u + (-1)/5. List the prime factors of 3 + -2*b/3.
7
What are the prime factors of 6/(-27) + 382/18?
3, 7
Suppose -j + 6 = j. Let q be 10/(-4)*(1 + j). What are the prime factors of 32/(-6)*15/q?
2
Suppose -3 + 5 = -y + 3*w, 2*y - w + 4 = 0. What are the prime factors of y/(-6) + (-14)/(-3)?
5
Let o be ((-12)/(-27))/((-12)/(-54)). Suppose -2*h + 152 = o*h. What are the prime factors of h?
2, 19
Suppose 0*s - 9 = -3*s. What are the prime factors of s?
3
Let z(f) = -f + 7. Let i be z(5). Suppose -10 + 30 = i*a. List the prime factors of a.
2, 5
Let l be (0 - 2) + 33/3. Let w = l + -5. Suppose -w*s = 18 - 50. What are the prime factors of s?
2
Suppose 9*k + 10 = 4*k, -4*r + k + 70 = 0. List the prime factors of r.
17
Let k be (-2)/7 - 141/21. Let l = -24 - -13. Let h = k - l. List the prime factors of h.
2
Suppose 2*g - 60 = -g. Suppose 0 = 3*w + 2*w - 5*s + g, -s = w - 4. Suppose 3*y - y - 8 = w. What are the prime factors of y?
2
Let x = -197 - -424. What are the prime factors of x?
227
Let s(n) = 3*n**2 - 2*n. Let v be s(2). Let y(o) = o**3 - 7*o**2 - 9*o + 10. Let m be y(v). Suppose 13 = m*q + 3. What are the prime factors of q?
5
Suppose -208 = -4*n + p, n + 0*p - 65 = -3*p. Suppose -n = -3*z - 2. List the prime factors of z.
17
Let v = -12 - -104. What are the prime factors of v?
2, 23
Let j = -6 + 6. Suppose 3*g - 57 = -3*r, 0 = -j*g + g + 5*r + 1. What are the prime factors of (-2)/3 - (-304)/g?
2, 3
Suppose 0*c + c = d + 1, d + 3*c = -9. Let z be (d - -33)/((-6)/(-4)). Let v = z + -13. List the prime factors of v.
7
Suppose c - 84 = -5*c. What are the prime factors of c?
2, 7
Let n(o) = -o + 5 + 4 - 5. List the prime factors of n(2).
2
Let c(r) = -r**2 + 3*r - 3. Let n be c(5). Let s = n - -31. List the prime factors of s.
2, 3
Let 